{"id":1556,"date":"2015-01-10T22:21:17","date_gmt":"2015-01-10T22:21:17","guid":{"rendered":"http:\/\/elanticuario.eu\/?post_type=product&#038;p=1556"},"modified":"2022-12-11T18:48:08","modified_gmt":"2022-12-11T18:48:08","slug":"imagenes","status":"publish","type":"product","link":"https:\/\/elanticuario.eu\/?product=imagenes","title":{"rendered":"Im\u00e1genes"},"content":{"rendered":"<p>Libro sin palabras. \u00a031 p\u00e1ginas.<\/p>\n<p>Editorial Roma<\/p>\n<p>Perfecto estado de conservaci\u00f3n. Muy buenas im\u00e1genes.<\/p>\n<p>Gastos de envio incluidos.<\/p>\n","protected":false},"excerpt":{"rendered":"<p class=\"excerpt\">Libro sin palabras. \u00a031 p\u00e1ginas. Editorial Roma Perfecto estado de conservaci\u00f3n. Muy buenas im\u00e1genes. Gastos de envio incluidos. <a href=\"https:\/\/elanticuario.eu\/?product=imagenes\">Leer m\u00e1s &rarr;<\/a><\/p>\n","protected":false},"featured_media":803,"comment_status":"open","ping_status":"closed","template":"","meta":[],"product_cat":[6],"product_tag":[],"class_list":{"0":"post-1556","1":"product","2":"type-product","3":"status-publish","4":"has-post-thumbnail","6":"product_cat-libros-antiguos-de-escuela","7":"xfolkentry","9":"first","10":"instock","11":"shipping-taxable","12":"purchasable","13":"product-type-simple"},"_links":{"self":[{"href":"https:\/\/elanticuario.eu\/index.php?rest_route=\/wp\/v2\/product\/1556","targetHints":{"allow":["GET"]}}],"collection":[{"href":"https:\/\/elanticuario.eu\/index.php?rest_route=\/wp\/v2\/product"}],"about":[{"href":"https:\/\/elanticuario.eu\/index.php?rest_route=\/wp\/v2\/types\/product"}],"replies":[{"embeddable":true,"href":"https:\/\/elanticuario.eu\/index.php?rest_route=%2Fwp%2Fv2%2Fcomments&post=1556"}],"wp:featuredmedia":[{"embeddable":true,"href":"https:\/\/elanticuario.eu\/index.php?rest_route=\/wp\/v2\/media\/803"}],"wp:attachment":[{"href":"https:\/\/elanticuario.eu\/index.php?rest_route=%2Fwp%2Fv2%2Fmedia&parent=1556"}],"wp:term":[{"taxonomy":"product_cat","embeddable":true,"href":"https:\/\/elanticuario.eu\/index.php?rest_route=%2Fwp%2Fv2%2Fproduct_cat&post=1556"},{"taxonomy":"product_tag","embeddable":true,"href":"https:\/\/elanticuario.eu\/index.php?rest_route=%2Fwp%2Fv2%2Fproduct_tag&post=1556"}],"curies":[{"name":"wp","href":"https:\/\/api.w.org\/{rel}","templated":true}]}}