{"id":1604,"date":"2015-01-18T19:21:23","date_gmt":"2015-01-18T19:21:23","guid":{"rendered":"http:\/\/elanticuario.eu\/?post_type=product&#038;p=1604"},"modified":"2022-12-10T21:48:57","modified_gmt":"2022-12-10T21:48:57","slug":"elementos-de-ciencias-fisico-naturales","status":"publish","type":"product","link":"https:\/\/elanticuario.eu\/?product=elementos-de-ciencias-fisico-naturales","title":{"rendered":"Elementos de Ciencias F\u00edsico-Naturales"},"content":{"rendered":"<p>Ed Dalmau. Gerona.<\/p>\n<p>Faltan las primeras 26 p\u00e1ginas de las 399 de que consta la obra.<\/p>\n<p>Buen estado de conservaci\u00f3n,<\/p>\n<p>Gastos de envio inclu\u00eddos.<\/p>\n<p>&nbsp;<\/p>\n","protected":false},"excerpt":{"rendered":"<p class=\"excerpt\">Ed Dalmau. Gerona. Faltan las primeras 26 p\u00e1ginas de las 399 de que consta la obra. Buen estado de conservaci\u00f3n, Gastos de envio inclu\u00eddos. &nbsp; <a href=\"https:\/\/elanticuario.eu\/?product=elementos-de-ciencias-fisico-naturales\">Leer m\u00e1s &rarr;<\/a><\/p>\n","protected":false},"featured_media":663,"comment_status":"open","ping_status":"closed","template":"","meta":[],"product_cat":[6],"product_tag":[],"class_list":{"0":"post-1604","1":"product","2":"type-product","3":"status-publish","4":"has-post-thumbnail","6":"product_cat-libros-antiguos-de-escuela","7":"xfolkentry","9":"first","10":"instock","11":"shipping-taxable","12":"purchasable","13":"product-type-simple"},"_links":{"self":[{"href":"https:\/\/elanticuario.eu\/index.php?rest_route=\/wp\/v2\/product\/1604","targetHints":{"allow":["GET"]}}],"collection":[{"href":"https:\/\/elanticuario.eu\/index.php?rest_route=\/wp\/v2\/product"}],"about":[{"href":"https:\/\/elanticuario.eu\/index.php?rest_route=\/wp\/v2\/types\/product"}],"replies":[{"embeddable":true,"href":"https:\/\/elanticuario.eu\/index.php?rest_route=%2Fwp%2Fv2%2Fcomments&post=1604"}],"wp:featuredmedia":[{"embeddable":true,"href":"https:\/\/elanticuario.eu\/index.php?rest_route=\/wp\/v2\/media\/663"}],"wp:attachment":[{"href":"https:\/\/elanticuario.eu\/index.php?rest_route=%2Fwp%2Fv2%2Fmedia&parent=1604"}],"wp:term":[{"taxonomy":"product_cat","embeddable":true,"href":"https:\/\/elanticuario.eu\/index.php?rest_route=%2Fwp%2Fv2%2Fproduct_cat&post=1604"},{"taxonomy":"product_tag","embeddable":true,"href":"https:\/\/elanticuario.eu\/index.php?rest_route=%2Fwp%2Fv2%2Fproduct_tag&post=1604"}],"curies":[{"name":"wp","href":"https:\/\/api.w.org\/{rel}","templated":true}]}}