{"id":1621,"date":"2015-01-19T21:00:43","date_gmt":"2015-01-19T21:00:43","guid":{"rendered":"http:\/\/elanticuario.eu\/?post_type=product&#038;p=1621"},"modified":"2022-12-10T21:36:13","modified_gmt":"2022-12-10T21:36:13","slug":"explicacion-del-catecismo-nacional-2o-grado","status":"publish","type":"product","link":"https:\/\/elanticuario.eu\/?product=explicacion-del-catecismo-nacional-2o-grado","title":{"rendered":"Explicaci\u00f3n del Catecismo Nacional.2\u00ba grado"},"content":{"rendered":"<p>Editorial Escuela Espa\u00f1ola.<\/p>\n<p>Madrid 1960.<\/p>\n<p>274 p\u00e1ginas.<\/p>\n<p>Libro en buen estado de conservaci\u00f3n.<\/p>\n<p>Gastos de envio incluidos.<\/p>\n","protected":false},"excerpt":{"rendered":"<p class=\"excerpt\">Editorial Escuela Espa\u00f1ola. Madrid 1960. 274 p\u00e1ginas. Libro en buen estado de conservaci\u00f3n. Gastos de envio incluidos. <a href=\"https:\/\/elanticuario.eu\/?product=explicacion-del-catecismo-nacional-2o-grado\">Leer m\u00e1s &rarr;<\/a><\/p>\n","protected":false},"featured_media":620,"comment_status":"open","ping_status":"closed","template":"","meta":[],"product_cat":[6],"product_tag":[],"class_list":{"0":"post-1621","1":"product","2":"type-product","3":"status-publish","4":"has-post-thumbnail","6":"product_cat-libros-antiguos-de-escuela","7":"xfolkentry","9":"first","10":"instock","11":"shipping-taxable","12":"purchasable","13":"product-type-simple"},"_links":{"self":[{"href":"https:\/\/elanticuario.eu\/index.php?rest_route=\/wp\/v2\/product\/1621","targetHints":{"allow":["GET"]}}],"collection":[{"href":"https:\/\/elanticuario.eu\/index.php?rest_route=\/wp\/v2\/product"}],"about":[{"href":"https:\/\/elanticuario.eu\/index.php?rest_route=\/wp\/v2\/types\/product"}],"replies":[{"embeddable":true,"href":"https:\/\/elanticuario.eu\/index.php?rest_route=%2Fwp%2Fv2%2Fcomments&post=1621"}],"wp:featuredmedia":[{"embeddable":true,"href":"https:\/\/elanticuario.eu\/index.php?rest_route=\/wp\/v2\/media\/620"}],"wp:attachment":[{"href":"https:\/\/elanticuario.eu\/index.php?rest_route=%2Fwp%2Fv2%2Fmedia&parent=1621"}],"wp:term":[{"taxonomy":"product_cat","embeddable":true,"href":"https:\/\/elanticuario.eu\/index.php?rest_route=%2Fwp%2Fv2%2Fproduct_cat&post=1621"},{"taxonomy":"product_tag","embeddable":true,"href":"https:\/\/elanticuario.eu\/index.php?rest_route=%2Fwp%2Fv2%2Fproduct_tag&post=1621"}],"curies":[{"name":"wp","href":"https:\/\/api.w.org\/{rel}","templated":true}]}}