{"id":1632,"date":"2015-01-19T22:09:09","date_gmt":"2015-01-19T22:09:09","guid":{"rendered":"http:\/\/elanticuario.eu\/?post_type=product&#038;p=1632"},"modified":"2022-12-10T21:28:55","modified_gmt":"2022-12-10T21:28:55","slug":"ejercicios-manuscritos","status":"publish","type":"product","link":"https:\/\/elanticuario.eu\/?product=ejercicios-manuscritos","title":{"rendered":"Ejercicios Manuscritos"},"content":{"rendered":"<p>7\u00aa edici\u00f3n. Gerona 1911.<\/p>\n<p>223 p\u00e1ginas.<\/p>\n<p>Estado de conservaci\u00f3n muy bueno.<\/p>\n<p>Gastos de envio incluidos.<\/p>\n","protected":false},"excerpt":{"rendered":"<p class=\"excerpt\">7\u00aa edici\u00f3n. Gerona 1911. 223 p\u00e1ginas. Estado de conservaci\u00f3n muy bueno. Gastos de envio incluidos. <a href=\"https:\/\/elanticuario.eu\/?product=ejercicios-manuscritos\">Leer m\u00e1s &rarr;<\/a><\/p>\n","protected":false},"featured_media":573,"comment_status":"open","ping_status":"closed","template":"","meta":[],"product_cat":[6],"product_tag":[],"class_list":{"0":"post-1632","1":"product","2":"type-product","3":"status-publish","4":"has-post-thumbnail","6":"product_cat-libros-antiguos-de-escuela","7":"xfolkentry","9":"first","10":"instock","11":"shipping-taxable","12":"purchasable","13":"product-type-simple"},"_links":{"self":[{"href":"https:\/\/elanticuario.eu\/index.php?rest_route=\/wp\/v2\/product\/1632","targetHints":{"allow":["GET"]}}],"collection":[{"href":"https:\/\/elanticuario.eu\/index.php?rest_route=\/wp\/v2\/product"}],"about":[{"href":"https:\/\/elanticuario.eu\/index.php?rest_route=\/wp\/v2\/types\/product"}],"replies":[{"embeddable":true,"href":"https:\/\/elanticuario.eu\/index.php?rest_route=%2Fwp%2Fv2%2Fcomments&post=1632"}],"wp:featuredmedia":[{"embeddable":true,"href":"https:\/\/elanticuario.eu\/index.php?rest_route=\/wp\/v2\/media\/573"}],"wp:attachment":[{"href":"https:\/\/elanticuario.eu\/index.php?rest_route=%2Fwp%2Fv2%2Fmedia&parent=1632"}],"wp:term":[{"taxonomy":"product_cat","embeddable":true,"href":"https:\/\/elanticuario.eu\/index.php?rest_route=%2Fwp%2Fv2%2Fproduct_cat&post=1632"},{"taxonomy":"product_tag","embeddable":true,"href":"https:\/\/elanticuario.eu\/index.php?rest_route=%2Fwp%2Fv2%2Fproduct_tag&post=1632"}],"curies":[{"name":"wp","href":"https:\/\/api.w.org\/{rel}","templated":true}]}}