{"id":1643,"date":"2015-01-20T19:23:57","date_gmt":"2015-01-20T19:23:57","guid":{"rendered":"http:\/\/elanticuario.eu\/?post_type=product&#038;p=1643"},"modified":"2022-12-08T21:47:42","modified_gmt":"2022-12-08T21:47:42","slug":"diccionario-enciclopedico-grafico","status":"publish","type":"product","link":"https:\/\/elanticuario.eu\/?product=diccionario-enciclopedico-grafico","title":{"rendered":"Diccionario enciclop\u00e9dico gr\u00e1fico"},"content":{"rendered":"<p>Ideogrf\u00eda, objetos usuales, Zoolog\u00eda, Bot\u00e1nica, Geometr\u00eda, F\u00edsica,<\/p>\n<p>Etnofraf\u00eda, F\u00edsica, Geograf\u00eda, Historia, Biograf\u00eda, Mitolog\u00eda, Arte.<\/p>\n<p>Editado en Barcelona en 1891.<\/p>\n<p>310 p\u00e1ginas en buen estado y con numerosas ilustraciones.<\/p>\n<p>Gastos de envio incluidos.<\/p>\n","protected":false},"excerpt":{"rendered":"<p class=\"excerpt\">Ideogrf\u00eda, objetos usuales, Zoolog\u00eda, Bot\u00e1nica, Geometr\u00eda, F\u00edsica, Etnofraf\u00eda, F\u00edsica, Geograf\u00eda, Historia, Biograf\u00eda, Mitolog\u00eda, Arte. Editado en Barcelona en 1891. 310 p\u00e1ginas en buen estado y con numerosas ilustraciones. Gastos de envio incluidos. <a href=\"https:\/\/elanticuario.eu\/?product=diccionario-enciclopedico-grafico\">Leer m\u00e1s &rarr;<\/a><\/p>\n","protected":false},"featured_media":552,"comment_status":"open","ping_status":"closed","template":"","meta":[],"product_cat":[6],"product_tag":[],"class_list":{"0":"post-1643","1":"product","2":"type-product","3":"status-publish","4":"has-post-thumbnail","6":"product_cat-libros-antiguos-de-escuela","7":"xfolkentry","9":"first","10":"instock","11":"shipping-taxable","12":"purchasable","13":"product-type-simple"},"_links":{"self":[{"href":"https:\/\/elanticuario.eu\/index.php?rest_route=\/wp\/v2\/product\/1643","targetHints":{"allow":["GET"]}}],"collection":[{"href":"https:\/\/elanticuario.eu\/index.php?rest_route=\/wp\/v2\/product"}],"about":[{"href":"https:\/\/elanticuario.eu\/index.php?rest_route=\/wp\/v2\/types\/product"}],"replies":[{"embeddable":true,"href":"https:\/\/elanticuario.eu\/index.php?rest_route=%2Fwp%2Fv2%2Fcomments&post=1643"}],"wp:featuredmedia":[{"embeddable":true,"href":"https:\/\/elanticuario.eu\/index.php?rest_route=\/wp\/v2\/media\/552"}],"wp:attachment":[{"href":"https:\/\/elanticuario.eu\/index.php?rest_route=%2Fwp%2Fv2%2Fmedia&parent=1643"}],"wp:term":[{"taxonomy":"product_cat","embeddable":true,"href":"https:\/\/elanticuario.eu\/index.php?rest_route=%2Fwp%2Fv2%2Fproduct_cat&post=1643"},{"taxonomy":"product_tag","embeddable":true,"href":"https:\/\/elanticuario.eu\/index.php?rest_route=%2Fwp%2Fv2%2Fproduct_tag&post=1643"}],"curies":[{"name":"wp","href":"https:\/\/api.w.org\/{rel}","templated":true}]}}