{"id":1658,"date":"2015-01-22T12:40:28","date_gmt":"2015-01-22T12:40:28","guid":{"rendered":"http:\/\/elanticuario.eu\/?post_type=product&#038;p=1658"},"modified":"2022-12-08T19:59:57","modified_gmt":"2022-12-08T19:59:57","slug":"cabeza-y-corazon","status":"publish","type":"product","link":"https:\/\/elanticuario.eu\/?product=cabeza-y-corazon","title":{"rendered":"Cabeza y coraz\u00f3n"},"content":{"rendered":"<p>F\u00e9lix Mart\u00ed Alpera<\/p>\n<p>Editorial Yag\u00fces. Madrid. 1933<\/p>\n<p>Gastos de envio incluidos<\/p>\n<p>&nbsp;<\/p>\n<p>&nbsp;<\/p>\n<p>&nbsp;<\/p>\n<p>&nbsp;<\/p>\n","protected":false},"excerpt":{"rendered":"<p class=\"excerpt\">F\u00e9lix Mart\u00ed Alpera Editorial Yag\u00fces. Madrid. 1933 Gastos de envio incluidos &nbsp; &nbsp; &nbsp; &nbsp; <a href=\"https:\/\/elanticuario.eu\/?product=cabeza-y-corazon\">Leer m\u00e1s &rarr;<\/a><\/p>\n","protected":false},"featured_media":521,"comment_status":"open","ping_status":"closed","template":"","meta":[],"product_cat":[6],"product_tag":[],"class_list":{"0":"post-1658","1":"product","2":"type-product","3":"status-publish","4":"has-post-thumbnail","6":"product_cat-libros-antiguos-de-escuela","7":"xfolkentry","9":"first","10":"instock","11":"shipping-taxable","12":"purchasable","13":"product-type-simple"},"_links":{"self":[{"href":"https:\/\/elanticuario.eu\/index.php?rest_route=\/wp\/v2\/product\/1658","targetHints":{"allow":["GET"]}}],"collection":[{"href":"https:\/\/elanticuario.eu\/index.php?rest_route=\/wp\/v2\/product"}],"about":[{"href":"https:\/\/elanticuario.eu\/index.php?rest_route=\/wp\/v2\/types\/product"}],"replies":[{"embeddable":true,"href":"https:\/\/elanticuario.eu\/index.php?rest_route=%2Fwp%2Fv2%2Fcomments&post=1658"}],"wp:featuredmedia":[{"embeddable":true,"href":"https:\/\/elanticuario.eu\/index.php?rest_route=\/wp\/v2\/media\/521"}],"wp:attachment":[{"href":"https:\/\/elanticuario.eu\/index.php?rest_route=%2Fwp%2Fv2%2Fmedia&parent=1658"}],"wp:term":[{"taxonomy":"product_cat","embeddable":true,"href":"https:\/\/elanticuario.eu\/index.php?rest_route=%2Fwp%2Fv2%2Fproduct_cat&post=1658"},{"taxonomy":"product_tag","embeddable":true,"href":"https:\/\/elanticuario.eu\/index.php?rest_route=%2Fwp%2Fv2%2Fproduct_tag&post=1658"}],"curies":[{"name":"wp","href":"https:\/\/api.w.org\/{rel}","templated":true}]}}