{"id":213,"date":"2014-12-02T22:08:50","date_gmt":"2014-12-02T22:08:50","guid":{"rendered":"http:\/\/elanticuario.eu\/?post_type=product&#038;p=213"},"modified":"2023-12-09T18:58:35","modified_gmt":"2023-12-09T18:58:35","slug":"hazanas-belicas-no-19","status":"publish","type":"product","link":"https:\/\/elanticuario.eu\/?product=hazanas-belicas-no-19","title":{"rendered":"Haza\u00f1as B\u00e9licas. (37 ejemplares)"},"content":{"rendered":"<p>Ejemplares nuevos o en buen estado de conservaci\u00f3n.<\/p>\n<p>Precio por unidades sueltas: 18 euros.<\/p>\n<p>Gastos de envio incluidos.<\/p>\n","protected":false},"excerpt":{"rendered":"<p class=\"excerpt\">Ejemplares nuevos o en buen estado de conservaci\u00f3n. Precio por unidades sueltas: 18 euros. Gastos de envio incluidos. <a href=\"https:\/\/elanticuario.eu\/?product=hazanas-belicas-no-19\">Leer m\u00e1s &rarr;<\/a><\/p>\n","protected":false},"featured_media":2784,"comment_status":"open","ping_status":"closed","template":"","meta":[],"product_cat":[8],"product_tag":[],"class_list":{"0":"post-213","1":"product","2":"type-product","3":"status-publish","4":"has-post-thumbnail","6":"product_cat-comics","7":"xfolkentry","9":"first","10":"instock","11":"shipping-taxable","12":"purchasable","13":"product-type-simple"},"_links":{"self":[{"href":"https:\/\/elanticuario.eu\/index.php?rest_route=\/wp\/v2\/product\/213","targetHints":{"allow":["GET"]}}],"collection":[{"href":"https:\/\/elanticuario.eu\/index.php?rest_route=\/wp\/v2\/product"}],"about":[{"href":"https:\/\/elanticuario.eu\/index.php?rest_route=\/wp\/v2\/types\/product"}],"replies":[{"embeddable":true,"href":"https:\/\/elanticuario.eu\/index.php?rest_route=%2Fwp%2Fv2%2Fcomments&post=213"}],"wp:featuredmedia":[{"embeddable":true,"href":"https:\/\/elanticuario.eu\/index.php?rest_route=\/wp\/v2\/media\/2784"}],"wp:attachment":[{"href":"https:\/\/elanticuario.eu\/index.php?rest_route=%2Fwp%2Fv2%2Fmedia&parent=213"}],"wp:term":[{"taxonomy":"product_cat","embeddable":true,"href":"https:\/\/elanticuario.eu\/index.php?rest_route=%2Fwp%2Fv2%2Fproduct_cat&post=213"},{"taxonomy":"product_tag","embeddable":true,"href":"https:\/\/elanticuario.eu\/index.php?rest_route=%2Fwp%2Fv2%2Fproduct_tag&post=213"}],"curies":[{"name":"wp","href":"https:\/\/api.w.org\/{rel}","templated":true}]}}