{"id":5521,"date":"2016-09-19T21:08:43","date_gmt":"2016-09-19T21:08:43","guid":{"rendered":"http:\/\/elanticuario.eu\/?post_type=product&#038;p=5521"},"modified":"2016-09-19T21:08:43","modified_gmt":"2016-09-19T21:08:43","slug":"enciclopedia-breve-de-cultura-general","status":"publish","type":"product","link":"https:\/\/elanticuario.eu\/?product=enciclopedia-breve-de-cultura-general","title":{"rendered":"Enciclopedia Breve de Cultura General"},"content":{"rendered":"<p>Ed. Labor S.A.\u00a0 Barcelona.<\/p>\n<p>540 p\u00e1ginas muy bien conservadas.<\/p>\n<p>220 figuras y 32 l\u00e1minas.<\/p>\n<p>Gastos de env\u00edo incluidos.<\/p>\n","protected":false},"excerpt":{"rendered":"<p class=\"excerpt\">Ed. Labor S.A.\u00a0 Barcelona. 540 p\u00e1ginas muy bien conservadas. 220 figuras y 32 l\u00e1minas. Gastos de env\u00edo incluidos. <a href=\"https:\/\/elanticuario.eu\/?product=enciclopedia-breve-de-cultura-general\">Leer m\u00e1s &rarr;<\/a><\/p>\n","protected":false},"featured_media":5504,"comment_status":"open","ping_status":"closed","template":"","meta":[],"product_cat":[6],"product_tag":[],"class_list":{"0":"post-5521","1":"product","2":"type-product","3":"status-publish","4":"has-post-thumbnail","6":"product_cat-libros-antiguos-de-escuela","7":"xfolkentry","9":"first","10":"instock","11":"shipping-taxable","12":"purchasable","13":"product-type-simple"},"_links":{"self":[{"href":"https:\/\/elanticuario.eu\/index.php?rest_route=\/wp\/v2\/product\/5521","targetHints":{"allow":["GET"]}}],"collection":[{"href":"https:\/\/elanticuario.eu\/index.php?rest_route=\/wp\/v2\/product"}],"about":[{"href":"https:\/\/elanticuario.eu\/index.php?rest_route=\/wp\/v2\/types\/product"}],"replies":[{"embeddable":true,"href":"https:\/\/elanticuario.eu\/index.php?rest_route=%2Fwp%2Fv2%2Fcomments&post=5521"}],"wp:featuredmedia":[{"embeddable":true,"href":"https:\/\/elanticuario.eu\/index.php?rest_route=\/wp\/v2\/media\/5504"}],"wp:attachment":[{"href":"https:\/\/elanticuario.eu\/index.php?rest_route=%2Fwp%2Fv2%2Fmedia&parent=5521"}],"wp:term":[{"taxonomy":"product_cat","embeddable":true,"href":"https:\/\/elanticuario.eu\/index.php?rest_route=%2Fwp%2Fv2%2Fproduct_cat&post=5521"},{"taxonomy":"product_tag","embeddable":true,"href":"https:\/\/elanticuario.eu\/index.php?rest_route=%2Fwp%2Fv2%2Fproduct_tag&post=5521"}],"curies":[{"name":"wp","href":"https:\/\/api.w.org\/{rel}","templated":true}]}}