{"id":6987,"date":"2017-11-15T22:24:23","date_gmt":"2017-11-15T22:24:23","guid":{"rendered":"http:\/\/elanticuario.eu\/?post_type=product&#038;p=6987"},"modified":"2019-09-30T15:31:43","modified_gmt":"2019-09-30T15:31:43","slug":"el-pais_25-anos","status":"publish","type":"product","link":"https:\/\/elanticuario.eu\/?product=el-pais_25-anos","title":{"rendered":"El Pa\u00eds_N\u00fameros especiales"},"content":{"rendered":"<p>Revista del Pa\u00eds cuando celebr\u00f3 los 25 a\u00f1os.<\/p>\n<p>Gastos de env\u00edo incluidos.<\/p>\n","protected":false},"excerpt":{"rendered":"<p class=\"excerpt\">Revista del Pa\u00eds cuando celebr\u00f3 los 25 a\u00f1os. Gastos de env\u00edo incluidos. <a href=\"https:\/\/elanticuario.eu\/?product=el-pais_25-anos\">Leer m\u00e1s &rarr;<\/a><\/p>\n","protected":false},"featured_media":6957,"comment_status":"open","ping_status":"closed","template":"","meta":[],"product_cat":[18],"product_tag":[],"class_list":{"0":"post-6987","1":"product","2":"type-product","3":"status-publish","4":"has-post-thumbnail","6":"product_cat-revistas-y-periodicos","7":"xfolkentry","9":"first","10":"instock","11":"shipping-taxable","12":"purchasable","13":"product-type-simple"},"_links":{"self":[{"href":"https:\/\/elanticuario.eu\/index.php?rest_route=\/wp\/v2\/product\/6987","targetHints":{"allow":["GET"]}}],"collection":[{"href":"https:\/\/elanticuario.eu\/index.php?rest_route=\/wp\/v2\/product"}],"about":[{"href":"https:\/\/elanticuario.eu\/index.php?rest_route=\/wp\/v2\/types\/product"}],"replies":[{"embeddable":true,"href":"https:\/\/elanticuario.eu\/index.php?rest_route=%2Fwp%2Fv2%2Fcomments&post=6987"}],"wp:featuredmedia":[{"embeddable":true,"href":"https:\/\/elanticuario.eu\/index.php?rest_route=\/wp\/v2\/media\/6957"}],"wp:attachment":[{"href":"https:\/\/elanticuario.eu\/index.php?rest_route=%2Fwp%2Fv2%2Fmedia&parent=6987"}],"wp:term":[{"taxonomy":"product_cat","embeddable":true,"href":"https:\/\/elanticuario.eu\/index.php?rest_route=%2Fwp%2Fv2%2Fproduct_cat&post=6987"},{"taxonomy":"product_tag","embeddable":true,"href":"https:\/\/elanticuario.eu\/index.php?rest_route=%2Fwp%2Fv2%2Fproduct_tag&post=6987"}],"curies":[{"name":"wp","href":"https:\/\/api.w.org\/{rel}","templated":true}]}}