{"id":7519,"date":"2018-09-05T21:01:23","date_gmt":"2018-09-05T21:01:23","guid":{"rendered":"http:\/\/elanticuario.eu\/?post_type=product&#038;p=7519"},"modified":"2018-09-05T21:01:23","modified_gmt":"2018-09-05T21:01:23","slug":"armonica-plastico","status":"publish","type":"product","link":"https:\/\/elanticuario.eu\/?product=armonica-plastico","title":{"rendered":"Arm\u00f3nica pl\u00e1stico"},"content":{"rendered":"<p>A\u00f1os 60.<\/p>\n<p>Nuevas.<\/p>\n<p>Gastos de envio 5 \u20ac.<\/p>\n","protected":false},"excerpt":{"rendered":"<p class=\"excerpt\">A\u00f1os 60. Nuevas. Gastos de envio 5 \u20ac. <a href=\"https:\/\/elanticuario.eu\/?product=armonica-plastico\">Leer m\u00e1s &rarr;<\/a><\/p>\n","protected":false},"featured_media":7390,"comment_status":"open","ping_status":"closed","template":"","meta":[],"product_cat":[37,16],"product_tag":[],"class_list":{"0":"post-7519","1":"product","2":"type-product","3":"status-publish","4":"has-post-thumbnail","6":"product_cat-varios","7":"product_cat-objetos","8":"xfolkentry","10":"first","11":"instock","12":"shipping-taxable","13":"purchasable","14":"product-type-simple"},"_links":{"self":[{"href":"https:\/\/elanticuario.eu\/index.php?rest_route=\/wp\/v2\/product\/7519","targetHints":{"allow":["GET"]}}],"collection":[{"href":"https:\/\/elanticuario.eu\/index.php?rest_route=\/wp\/v2\/product"}],"about":[{"href":"https:\/\/elanticuario.eu\/index.php?rest_route=\/wp\/v2\/types\/product"}],"replies":[{"embeddable":true,"href":"https:\/\/elanticuario.eu\/index.php?rest_route=%2Fwp%2Fv2%2Fcomments&post=7519"}],"wp:featuredmedia":[{"embeddable":true,"href":"https:\/\/elanticuario.eu\/index.php?rest_route=\/wp\/v2\/media\/7390"}],"wp:attachment":[{"href":"https:\/\/elanticuario.eu\/index.php?rest_route=%2Fwp%2Fv2%2Fmedia&parent=7519"}],"wp:term":[{"taxonomy":"product_cat","embeddable":true,"href":"https:\/\/elanticuario.eu\/index.php?rest_route=%2Fwp%2Fv2%2Fproduct_cat&post=7519"},{"taxonomy":"product_tag","embeddable":true,"href":"https:\/\/elanticuario.eu\/index.php?rest_route=%2Fwp%2Fv2%2Fproduct_tag&post=7519"}],"curies":[{"name":"wp","href":"https:\/\/api.w.org\/{rel}","templated":true}]}}