{"id":7540,"date":"2019-01-21T18:24:47","date_gmt":"2019-01-21T18:24:47","guid":{"rendered":"http:\/\/elanticuario.eu\/?post_type=product&#038;p=7540"},"modified":"2019-01-21T18:24:47","modified_gmt":"2019-01-21T18:24:47","slug":"aprendo-a-escribir-las-letras_ingles","status":"publish","type":"product","link":"https:\/\/elanticuario.eu\/?product=aprendo-a-escribir-las-letras_ingles","title":{"rendered":"Aprendo a escribir las letras_Ingl\u00e9s"},"content":{"rendered":"<p>M\u00e9todo sencillo para aprender ingl\u00e9s. Nivel b\u00e1sico.<\/p>\n<p>Gastos de env\u00edo incluidos<\/p>\n","protected":false},"excerpt":{"rendered":"<p class=\"excerpt\">M\u00e9todo sencillo para aprender ingl\u00e9s. Nivel b\u00e1sico. Gastos de env\u00edo incluidos <a href=\"https:\/\/elanticuario.eu\/?product=aprendo-a-escribir-las-letras_ingles\">Leer m\u00e1s &rarr;<\/a><\/p>\n","protected":false},"featured_media":7532,"comment_status":"open","ping_status":"closed","template":"","meta":[],"product_cat":[23,6],"product_tag":[],"class_list":{"0":"post-7540","1":"product","2":"type-product","3":"status-publish","4":"has-post-thumbnail","6":"product_cat-escuela-nueva","7":"product_cat-libros-antiguos-de-escuela","8":"xfolkentry","10":"first","11":"instock","12":"shipping-taxable","13":"purchasable","14":"product-type-simple"},"_links":{"self":[{"href":"https:\/\/elanticuario.eu\/index.php?rest_route=\/wp\/v2\/product\/7540","targetHints":{"allow":["GET"]}}],"collection":[{"href":"https:\/\/elanticuario.eu\/index.php?rest_route=\/wp\/v2\/product"}],"about":[{"href":"https:\/\/elanticuario.eu\/index.php?rest_route=\/wp\/v2\/types\/product"}],"replies":[{"embeddable":true,"href":"https:\/\/elanticuario.eu\/index.php?rest_route=%2Fwp%2Fv2%2Fcomments&post=7540"}],"wp:featuredmedia":[{"embeddable":true,"href":"https:\/\/elanticuario.eu\/index.php?rest_route=\/wp\/v2\/media\/7532"}],"wp:attachment":[{"href":"https:\/\/elanticuario.eu\/index.php?rest_route=%2Fwp%2Fv2%2Fmedia&parent=7540"}],"wp:term":[{"taxonomy":"product_cat","embeddable":true,"href":"https:\/\/elanticuario.eu\/index.php?rest_route=%2Fwp%2Fv2%2Fproduct_cat&post=7540"},{"taxonomy":"product_tag","embeddable":true,"href":"https:\/\/elanticuario.eu\/index.php?rest_route=%2Fwp%2Fv2%2Fproduct_tag&post=7540"}],"curies":[{"name":"wp","href":"https:\/\/api.w.org\/{rel}","templated":true}]}}