{"id":7541,"date":"2019-01-21T18:26:51","date_gmt":"2019-01-21T18:26:51","guid":{"rendered":"http:\/\/elanticuario.eu\/?post_type=product&#038;p=7541"},"modified":"2019-01-21T18:26:51","modified_gmt":"2019-01-21T18:26:51","slug":"geometria-2o-grado","status":"publish","type":"product","link":"https:\/\/elanticuario.eu\/?product=geometria-2o-grado","title":{"rendered":"Geometr\u00eda 2\u00ba grado"},"content":{"rendered":"<p>Libro de Geometr\u00eda pr\u00e1ctica y agrimensura.<\/p>\n<p>Editorial Edelvives. A\u00f1o 1961. Zaragoza<\/p>\n<p>Gastos de env\u00edo incluidos.<\/p>\n","protected":false},"excerpt":{"rendered":"<p class=\"excerpt\">Libro de Geometr\u00eda pr\u00e1ctica y agrimensura. Editorial Edelvives. A\u00f1o 1961. Zaragoza Gastos de env\u00edo incluidos. <a href=\"https:\/\/elanticuario.eu\/?product=geometria-2o-grado\">Leer m\u00e1s &rarr;<\/a><\/p>\n","protected":false},"featured_media":7527,"comment_status":"open","ping_status":"closed","template":"","meta":[],"product_cat":[6],"product_tag":[],"class_list":{"0":"post-7541","1":"product","2":"type-product","3":"status-publish","4":"has-post-thumbnail","6":"product_cat-libros-antiguos-de-escuela","7":"xfolkentry","9":"first","10":"instock","11":"shipping-taxable","12":"purchasable","13":"product-type-simple"},"_links":{"self":[{"href":"https:\/\/elanticuario.eu\/index.php?rest_route=\/wp\/v2\/product\/7541","targetHints":{"allow":["GET"]}}],"collection":[{"href":"https:\/\/elanticuario.eu\/index.php?rest_route=\/wp\/v2\/product"}],"about":[{"href":"https:\/\/elanticuario.eu\/index.php?rest_route=\/wp\/v2\/types\/product"}],"replies":[{"embeddable":true,"href":"https:\/\/elanticuario.eu\/index.php?rest_route=%2Fwp%2Fv2%2Fcomments&post=7541"}],"wp:featuredmedia":[{"embeddable":true,"href":"https:\/\/elanticuario.eu\/index.php?rest_route=\/wp\/v2\/media\/7527"}],"wp:attachment":[{"href":"https:\/\/elanticuario.eu\/index.php?rest_route=%2Fwp%2Fv2%2Fmedia&parent=7541"}],"wp:term":[{"taxonomy":"product_cat","embeddable":true,"href":"https:\/\/elanticuario.eu\/index.php?rest_route=%2Fwp%2Fv2%2Fproduct_cat&post=7541"},{"taxonomy":"product_tag","embeddable":true,"href":"https:\/\/elanticuario.eu\/index.php?rest_route=%2Fwp%2Fv2%2Fproduct_tag&post=7541"}],"curies":[{"name":"wp","href":"https:\/\/api.w.org\/{rel}","templated":true}]}}