{"id":9625,"date":"2024-02-16T19:31:17","date_gmt":"2024-02-16T19:31:17","guid":{"rendered":"https:\/\/elanticuario.eu\/?post_type=product&#038;p=9625"},"modified":"2025-01-04T21:09:59","modified_gmt":"2025-01-04T21:09:59","slug":"fotonovelas-corindones-tellado","status":"publish","type":"product","link":"https:\/\/elanticuario.eu\/?product=fotonovelas-corindones-tellado","title":{"rendered":"SERIAL. Corin Tellado"},"content":{"rendered":"<p>Colecci\u00f3n de 5 ejemplares. Bien conservados. A\u00f1o 1975.<\/p>\n<p>Gastos de env\u00edo (correo ordinario) incluidos.<\/p>\n<p>Precio indicado para los 5 ejemplares. \u00a0Consultar precio de ejemplares sueltos.<\/p>\n","protected":false},"excerpt":{"rendered":"<p class=\"excerpt\">Colecci\u00f3n de 5 ejemplares. Bien conservados. A\u00f1o 1975. Gastos de env\u00edo (correo ordinario) incluidos. Precio indicado para los 5 ejemplares. \u00a0Consultar precio de ejemplares sueltos. <a href=\"https:\/\/elanticuario.eu\/?product=fotonovelas-corindones-tellado\">Leer m\u00e1s &rarr;<\/a><\/p>\n","protected":false},"featured_media":9601,"comment_status":"open","ping_status":"closed","template":"","meta":[],"product_cat":[25],"product_tag":[],"class_list":{"0":"post-9625","1":"product","2":"type-product","3":"status-publish","4":"has-post-thumbnail","6":"product_cat-novelas","7":"xfolkentry","9":"first","10":"instock","11":"sale","12":"shipping-taxable","13":"purchasable","14":"product-type-simple"},"_links":{"self":[{"href":"https:\/\/elanticuario.eu\/index.php?rest_route=\/wp\/v2\/product\/9625","targetHints":{"allow":["GET"]}}],"collection":[{"href":"https:\/\/elanticuario.eu\/index.php?rest_route=\/wp\/v2\/product"}],"about":[{"href":"https:\/\/elanticuario.eu\/index.php?rest_route=\/wp\/v2\/types\/product"}],"replies":[{"embeddable":true,"href":"https:\/\/elanticuario.eu\/index.php?rest_route=%2Fwp%2Fv2%2Fcomments&post=9625"}],"wp:featuredmedia":[{"embeddable":true,"href":"https:\/\/elanticuario.eu\/index.php?rest_route=\/wp\/v2\/media\/9601"}],"wp:attachment":[{"href":"https:\/\/elanticuario.eu\/index.php?rest_route=%2Fwp%2Fv2%2Fmedia&parent=9625"}],"wp:term":[{"taxonomy":"product_cat","embeddable":true,"href":"https:\/\/elanticuario.eu\/index.php?rest_route=%2Fwp%2Fv2%2Fproduct_cat&post=9625"},{"taxonomy":"product_tag","embeddable":true,"href":"https:\/\/elanticuario.eu\/index.php?rest_route=%2Fwp%2Fv2%2Fproduct_tag&post=9625"}],"curies":[{"name":"wp","href":"https:\/\/api.w.org\/{rel}","templated":true}]}}